23?
103332232
In base 6, what is 5 + -443405?
-443400
In base 4, what is 2210110 - 11?
2210033
In base 5, what is -4 - 14?
-23
In base 9, what is 0 - -4323?
4323
In base 8, what is 1046 + -2256?
-1210
In base 9, what is -315370 - 0?
-315370
In base 12, what is 32b + 108?
437
In base 11, what is 1420 - 253?
1178
In base 11, what is -21 - 1890?
-1901
In base 4, what is 20 + -102011?
-101331
In base 16, what is 26a + -11?
259
In base 16, what is -302 + -1f7?
-4f9
In base 16, what is -2a4 - 13?
-2b7
In base 16, what is -12 + 666?
654
In base 14, what is -1a + -393?
-3ad
In base 13, what is -277b0 + -5?
-277b5
In base 10, what is 97 - 1056?
-959
In base 12, what is -2b - -17b30?
17b01
In base 13, what is -14 + 5034a?
50336
In base 3, what is 12 - 1002110111010?
-1002110110221
In base 14, what is 5 + 605?
60a
In base 16, what is 3ee - -5?
3f3
In base 5, what is 113133200 + 13?
113133213
In base 16, what is 28c - -4e6?
772
In base 15, what is -1 + -c2b2?
-c2b3
In base 8, what is -424 - 1115?
-1541
In base 7, what is 10 + -201640?
-201630
In base 11, what is 4 + 99a35?
99a39
In base 14, what is -18 + -2252?
-226a
In base 12, what is 4 - 103929?
-103925
In base 7, what is -3 + 16115140?
16115134
In base 2, what is 1101100 + 10001001000?
10010110100
In base 15, what is 16 - 5d5?
-5be
In base 7, what is -4326052 + 0?
-4326052
In base 8, what is -73 - -16567?
16474
In base 4, what is 131010333101 + -3?
131010333032
In base 7, what is -301524 - 2?
-301526
In base 4, what is 311302 - -21?
311323
In base 3, what is -10 - 100220101?
-100220111
In base 3, what is -201 + 11212001111?
11212000210
In base 15, what is -3967 + -114?
-3a7b
In base 13, what is -4 - -237?
233
In base 11, what is -66254 - -6?
-66249
In base 12, what is 2 - -75884?
75886
In base 7, what is 14 - 500312?
-500265
In base 11, what is 966 - -63?
a19
In base 15, what is 43 - -4da?
52d
In base 9, what is 27346 + -45?
27301
In base 4, what is 1 - -2230122?
2230123
In base 12, what is 531 + -793?
-262
In base 14, what is 58354 - -2?
58356
In base 9, what is 247 - -501?
748
In base 2, what is -10110010110001 - 1011?
-10110010111100
In base 2, what is -11 + -111111000110100010?
-111111000110100101
In base 2, what is -10000 + 10011001?
10001001
In base 5, what is -123434132 + -3?
-123434140
In base 12, what is 22 + 190a?
1930
In base 16, what is -20 + -b60b?
-b62b
In base 3, what is -20 - 2020212022?
-2020212112
In base 8, what is -5 - -56470?
56463
In base 13, what is -4 + 5cc33?
5cc2c
In base 14, what is 47d01 - 10?
47cd1
In base 6, what is 0 - 45530?
-45530
In base 2, what is 100111000000011 - 1110?
100110111110101
In base 14, what is 5 + 208d6b?
208d72
In base 16, what is 754b + a?
7555
In base 10, what is -81 + -1231?
-1312
In base 5, what is -14031300 + -40?
-14031340
In base 3, what is -110 - -22111110?
22111000
In base 8, what is 354 - -215?
571
In base 16, what is -32d + 8f?
-29e
In base 10, what is 272 - -14?
286
In base 16, what is 6 + 26581?
26587
In base 10, what is -1450195 - 2?
-1450197
In base 10, what is 968 + -137?
831
In base 12, what is -16b + 10ba?
b4b
In base 6, what is 330 - 12123?
-11353
In base 13, what is 7886 + 5?
788b
In base 8, what is -2 + 63516?
63514
In base 14, what is -a4 - -3?
-a1
In base 8, what is 1157513 + 5?
1157520
In base 6, what is 5 - 51234?
-51225
In base 14, what is -10a8 + 3?
-10a5
In base 4, what is -1030300 + -13?
-1030313
In base 15, what is 22 + 1935?
1957
In base 2, what is -1 + -101001111111101001?
-101001111111101010
In base 3, what is 10110111102 - 11?
10110111021
In base 7, what is 5112 + -4561?
221
In base 9, what is -264350 + 4?
-264345
In base 9, what is 21 + 10785?
10816
In base 15, what is 968d14 - -5?
968d19
In base 9, what is -13 + 466178?
466165
In base 13, what is -1104c9b - 1?
-1104c9c
In base 14, what is -60 - d2?
-152
In base 7, what is -246645 + 2?
-246643
In base 3, what is -1112010 + 2121?
-1102112
In base 3, what is -211210 - -202?
-211001
In base 14, what is 3b56 - 43?
3b13
In base 12, what is -29a + 237?
-63
In base 12, what is b - -63632?
63641
In base 16, what is -109b8 - 8?
-109c0
In base 4, what is 312 + 12120031?
12121003
In base 4, what is 121 + -202202?
-202021
In base 10, what is -11344 - 1?
-11345
In base 8, what is 504 - 107?
375
In base 12, what is 2 + -1a057?
-1a055
In base 12, what is -10 + -9232?
-9242
In base 8, what is 10565 - -77?
10664
In base 3, what is -200221211 + -12?
-200222000
In base 15, what is -e - 48bc?
-48cb
In base 3, what is -1200020011 - 1?
-1200020012
In base 11, what is -6 + 79a?
794
In base 5, what is 3421013 + 0?
3421013
In base 7, what is 124061 + -13?
124045
In base 16, what is 17b7 + -1b?
179c
In base 12, what is -34343 + 10?
-34333
In base 2, what is 100 + 1000100101000000110?
1000100101000001010
In base 12, what is 2203 - -2?
2205
In base 3, what is 202 - -210221002?
210221211
In base 2, what is 1011001100001011 - -11011?
1011001100100110
In base 3, what is -10 - -211220201101?
211220201021
In base 11, what is -228 - -a97?
86a
In base 14, what is a8 - b7ad?
-b705
In base 6, what is 40 + -1324343?
-1324303
In base 2, what is -100000 + -101110110010?
-101111010010
In base 6, what is 4 - -54310?
54314
In base 7, what is -10 - -216244?
216234
In base 15, what is 11978 + 5?
1197d
In base 8, what is -146341 + 6?
-146333
In base 9, what is -366688 + 16?
-366672
In base 8, what is 12 - -44426?
44440
In base 14, what is 588 - 2b6?
2b2
In base 12, what is 1a6 + 173?
359
In base 16, what is -6f74 + 0?
-6f74
In base 6, what is 2525333 - 1?
2525332
In base 12, what is 3 - -a173?
a176
In base 12, what is -2 - 77873?
-77875
In base 15, what is -102c + 3e?
-edd
In base 4, what is 3130 - 10223103?
-10213313
In base 14, what is 40 - -35?
75
In base 10, what is -322 + 1172?
850
In base 8, what is -1 - 173464?
-173465
In base 9, what is 187 - 3513?
-3315
In base 6, what is 0 + 44301?
44301
In base 10, what is 5 + -303377?
-303372
In base 6, what is 1 + -11124121?
-11124120
In base 8, what is -14 + -1467?
-1503
In base 15, what is 198112 + -2?
198110
In base 13, what is -5 + 221668?
221663
In base 8, what is 1677 - 656?
1021
In base 14, what is 9 + -1976?
-196b
In base 8, what is 44360 - -54?
44434
In base 13, what is 3981 + 1?
3982
In base 7, what is -516 + -3664?
-4513
In base 11, what is 200936 + -4?
200932
In base 14, what is 59 + 1a1?
21a
In base 2, what is 111010000011 + -11010111?
110110101100
In base 5, what is 31230 - 44?
31131
In base 5, what is 20 + 23423?
23443
In base 6, what is -35015 + -10?
-35025
In base 9, what is 15381 + 10?
15401
In base 3, what is 0 + -101201110211?
-101201110211
In base 3, what is 20 - -112100220?
112101010
In base 8, what is -5442 - -1?
-5441
In base 5, what is -2 - -11130400?
11130343
In base 12, what is 0 + b121?
b121
In base 12, what is 0 + 7938b?
7938b
In base 7, what is 4216 + 34?
4253
In base 15, what is -2 + acc6?
acc4
In base 3, what is 12022210 - 121?
12022012
In base 13, what is 252c - 24?
2508
In base 15, what is 7 - c3?
-bb
In base 11, what is 2 - 2038?
-2036
In base 13, what is -6 + -514?
-51a
In base 3, what is -12212020 + -12?
-12212102
In base 12, what is -385465 + 4?
-385461
In base 8, what is 3276336 + -1?
3276335
In base 16, what is 5fb95 - 0?
5fb95
In base 5, what is 3120 - -2433?
11103
In base 14, what is -1b4a3 + -2?
-1b4a5
In base 9, what is 1867413 - 1?
1867412
In base 8, what is -1331522 + -5?
-1331527
In base 14, what is -5 - 3108a?
-31091
In base 4, what is -1003123 - -121?
-1003002
In base 11, what is -a - 639a6?
-63a05
In base 5, what is -1101212 - -4?
-1101203
In base 13, what is -304 + 42?
-292
In base 13, what is -467cb - -1b?
-467b0
In base 10, what is 326 - -37?
363
In base 7, what is 5 + 125501?
125506
In base 4, what is 10303100030 - 12?
10303100012
In base 12, what is 808a8 + 3?
808ab
In base 12, what is 13a86 - 6?
13a80
In base 15, what is -8 - 1c8de?
-1c8e7
In base 13, what is 0 + -333b59?
-333b59
In base 9, what is 1 - 4701?
-4700
In base 9, what is 26 + -25738?
-25712
In base 7, what is -25512 + 20?
-25462
In base 12, what is 2 + 21b09?
21b0b
In base 2, what is 1001 + -10001110011111110?
-10001110011110101
In base 9, what is 212873 + -7?
212865
In base 12, what is -21 + -4879?
-489a
In base 13, what is -1a24 + -1?
-1a25
In 